{"id":2618,"date":"2022-09-29T04:48:15","date_gmt":"2022-09-29T04:48:15","guid":{"rendered":"https:\/\/keroumifitness.com\/?post_type=product&#038;p=2618"},"modified":"2023-01-28T23:16:48","modified_gmt":"2023-01-28T23:16:48","slug":"mutant-whey-227-kg","status":"publish","type":"product","link":"https:\/\/keroumifitness.ma\/Store\/product\/mutant-whey-227-kg\/","title":{"rendered":"Mutant Whey 2,27 kg"},"content":{"rendered":"<div id=\"sns_tab_informations\" class=\"product-collateral clearfix\">\n<div class=\"tab-content\">\n<div id=\"tab-description\" class=\"tab-pane fade active in\">\n<div class=\"col-12 px-0 pb-2 dv_details_pr\">\n<h1>Mutant Whey est une Whey prot\u00e9ine de haute qualit\u00e9<\/h1>\n<p><strong>Contenu:<\/strong>\u00a02,27 kg<br \/>\n<strong>Dosage:<\/strong>\u00a01 cuill\u00e8re \/ Scoop (36g)<br \/>\n<strong>Nombre de doses par paquet:<\/strong>\u00a061<\/p>\n<h2><strong>Valeur nutritive pour 36g<\/strong><\/h2>\n<p>\u00c9nergie:\u00a0145 kcal<\/p>\n<p>Lipides:\u00a0 2,6 g<br \/>\n\u2013 dont acides gras satur\u00e9s: 1,5 g<\/p>\n<p>Glucides:\u00a08,2 g<br \/>\n\u2013 dont sucre 4,1 g<\/p>\n<p>Prot\u00e9ines:\u00a022,6 g<\/p>\n<p>Sel:\u00a00,28 g<\/p>\n<p>Calcium:\u00a0123,3 mg<\/p>\n<h2><strong>Ingr\u00e9dients:<\/strong><\/h2>\n<p>4 m\u00e9lange de prot\u00e9ines de lactos\u00e9rum (concentr\u00e9 de prot\u00e9ines de lactos\u00e9rum (LAIT), concentr\u00e9 de prot\u00e9ines de lactos\u00e9rum \/ phospholipides (LAIT), isolat de prot\u00e9ines de lactos\u00e9rum (LAIT), prot\u00e9ine de lactos\u00e9rum hydrolys\u00e9e (LAIT)), triglyc\u00e9rides \u00e0 cha\u00eene moyenne (huile de coco fractionn\u00e9eated, fibre de maltodextrine, GERK) (Poudre de BL\u00c9 enrichi (farine de BL\u00c9, niacine, fer, mononitrate de thiamine, riboflavine, acide folique), sucr, huile de colza, cacao, sel [0 g], agent levant (bicarbonate de sodium), inuline, \u00e9paississant (gomme de guar) , ar\u00f4mes naturels et artificiels, \u00e9mulsifiant (l\u00e9cithine de tournesol), sel [0 g] , \u00e9dulcorant (sucralose, ac\u00e9sulfame K, glycosides de st\u00e9viol), enzymes (lactase, prot\u00e9ase), cannelle, exhausteur de go\u00fbt (citrate de potassium) , antioxydant (acide L-ascorbique, DL-alpha-tocoph\u00e9rol)<\/p>\n<h2><strong>Compl\u00e9ments alimentaires<\/strong><\/h2>\n<p>Sp\u00e9cialement d\u00e9velopp\u00e9 pour les personnes physiquement actives pour soutenir le d\u00e9veloppement des athl\u00e8tes professionnels et amateurs.<\/p>\n<h2><strong>Attention<\/strong><\/h2>\n<p>La quantit\u00e9 de consommation recommand\u00e9e sp\u00e9cifi\u00e9e ne doit pas \u00eatre d\u00e9pass\u00e9e. Les compl\u00e9ments alimentaires ne doivent pas remplacer un r\u00e9gime alimentaire \u00e9quilibr\u00e9. Si vous avez des probl\u00e8mes de sant\u00e9 ou des questions sur la prise de ce m\u00e9dicament, consultez un m\u00e9decin ou un di\u00e9t\u00e9ticien. Conserver au frais et au sec! Tenir hors de port\u00e9e des enfants. Un mode de vie sain est tout aussi important qu\u2019une alimentation \u00e9quilibr\u00e9e.<\/p>\n<p><strong>Fabriqu\u00e9 au:<\/strong>\u00a0Canada<\/p>\n<\/div>\n<\/div>\n<\/div>\n<\/div>\n<div class=\"related products\" data-gridstyle=\"\"><\/div>\n","protected":false},"excerpt":{"rendered":"<div class=\"woocommerce-product-details__short-description\">\n<p>Id\u00e9al pour le gain musculaire avec 10g de EAA et 5g de BCAA<\/p>\n<\/div>\n","protected":false},"featured_media":2619,"comment_status":"open","ping_status":"closed","template":"","meta":[],"product_brand":[],"product_cat":[62],"product_tag":[],"class_list":{"0":"post-2618","1":"product","2":"type-product","3":"status-publish","4":"has-post-thumbnail","6":"product_cat-proteines-produits","8":"first","9":"instock","10":"shipping-taxable","11":"purchasable","12":"product-type-simple"},"jetpack_sharing_enabled":true,"_links":{"self":[{"href":"https:\/\/keroumifitness.ma\/Store\/wp-json\/wp\/v2\/product\/2618","targetHints":{"allow":["GET"]}}],"collection":[{"href":"https:\/\/keroumifitness.ma\/Store\/wp-json\/wp\/v2\/product"}],"about":[{"href":"https:\/\/keroumifitness.ma\/Store\/wp-json\/wp\/v2\/types\/product"}],"replies":[{"embeddable":true,"href":"https:\/\/keroumifitness.ma\/Store\/wp-json\/wp\/v2\/comments?post=2618"}],"wp:featuredmedia":[{"embeddable":true,"href":"https:\/\/keroumifitness.ma\/Store\/wp-json\/wp\/v2\/media\/2619"}],"wp:attachment":[{"href":"https:\/\/keroumifitness.ma\/Store\/wp-json\/wp\/v2\/media?parent=2618"}],"wp:term":[{"taxonomy":"product_brand","embeddable":true,"href":"https:\/\/keroumifitness.ma\/Store\/wp-json\/wp\/v2\/product_brand?post=2618"},{"taxonomy":"product_cat","embeddable":true,"href":"https:\/\/keroumifitness.ma\/Store\/wp-json\/wp\/v2\/product_cat?post=2618"},{"taxonomy":"product_tag","embeddable":true,"href":"https:\/\/keroumifitness.ma\/Store\/wp-json\/wp\/v2\/product_tag?post=2618"}],"curies":[{"name":"wp","href":"https:\/\/api.w.org\/{rel}","templated":true}]}}