{"id":2831,"date":"2022-12-08T23:33:41","date_gmt":"2022-12-08T23:33:41","guid":{"rendered":"https:\/\/keroumifitness.com\/?post_type=product&#038;p=2831"},"modified":"2023-01-28T23:52:40","modified_gmt":"2023-01-28T23:52:40","slug":"whey-charger-100-protein-2-27kg","status":"publish","type":"product","link":"https:\/\/keroumifitness.ma\/Store\/product\/whey-charger-100-protein-2-27kg\/","title":{"rendered":"WHEY CHARGER 100 PROTEIN 2.27KG"},"content":{"rendered":"<h2>WHEY PROTEIN CHARGER DISCRIPTION 100 2.27KG<\/h2>\n<div>WHEY PROTEIN CHARGER OF NEW GENERATION LACTOS\u00c9RUM Le shake prot\u00e9in\u00e9 le plus d\u00e9licieux de tous les temps is a promise Un meilleur lactos\u00e9rum pour la construction de muscles maigres sans compromis<\/div>\n<div><\/div>\n<div>Tesla WHEY PROTEIN CHARGER est une formule prot\u00e9in\u00e9e avanc\u00e9e avec des enzymes digestives incluses pour une absorption et une assimilation maximales. Cette d\u00e9licieuse matrice prot\u00e9ique au lactos\u00e9rum contient 25 g de prot\u00e9ines de haute qualit\u00e9 et seulement 2,66 g de sucre par portion. Avec l\u2019ajout de BCAA et de L-Glutamine pour aider \u00e0 pr\u00e9venir la fatigue et \u00e0 reconstruire efficacement vos muscles.<\/div>\n<div><\/div>\n<p>Disponible dans les saveurs chocolat blanc \u2013 fraise, chocolat au lait, biscuits \u00e0 la cr\u00e8me, framboise yaourt, et vanille.<\/p>\n<p>* Ces d\u00e9clarations ont \u00e9t\u00e9 scientifiquement valid\u00e9es par l\u2019Autorit\u00e9 europ\u00e9enne de s\u00e9curit\u00e9 des aliments (EFSA) et approuv\u00e9es par la Commission europ\u00e9enne (CE).<\/p>\n<h4><strong>CHARGEUR DE PROT\u00c9INES DE LACTOS\u00c9RUM MODE D\u2019EMPLOI :<\/strong><\/h4>\n<div><\/div>\n<div>M\u00e9langer 1 cuill\u00e8re (32 g) avec 250 ml d\u2019eau froide. Prendre 1 dose chaque jour comme compl\u00e9ment alimentaire. Les jours\u00a0d\u2019entra\u00eenement, prenez une cuill\u00e8re 30 minutes apr\u00e8s votre s\u00e9ance d\u2019entra\u00eenement. Les jours o\u00f9 vous ne vous entra\u00eenez pas, prenez un morceau au r\u00e9veil.<\/div>\n","protected":false},"excerpt":{"rendered":"<p>Cette d\u00e9licieuse matrice de prot\u00e9ines de lactos\u00e9rum fournit 25 g de prot\u00e9ines de haute qualit\u00e9 et seulement 2,6 g de glucides par portion, avec des ajouts de BCAA et de L-Glutamine pour aider \u00e0 pr\u00e9venir la fatigue et ravitailler efficacement vos muscles.<\/p>\n","protected":false},"featured_media":3174,"comment_status":"open","ping_status":"closed","template":"","meta":[],"product_brand":[],"product_cat":[62],"product_tag":[74,68,73,72],"class_list":{"0":"post-2831","1":"product","2":"type-product","3":"status-publish","4":"has-post-thumbnail","6":"product_cat-proteines-produits","7":"product_tag-protein","8":"product_tag-tesla","9":"product_tag-whey","10":"product_tag-whey-charger","12":"first","13":"instock","14":"sale","15":"shipping-taxable","16":"purchasable","17":"product-type-simple"},"jetpack_sharing_enabled":true,"_links":{"self":[{"href":"https:\/\/keroumifitness.ma\/Store\/wp-json\/wp\/v2\/product\/2831","targetHints":{"allow":["GET"]}}],"collection":[{"href":"https:\/\/keroumifitness.ma\/Store\/wp-json\/wp\/v2\/product"}],"about":[{"href":"https:\/\/keroumifitness.ma\/Store\/wp-json\/wp\/v2\/types\/product"}],"replies":[{"embeddable":true,"href":"https:\/\/keroumifitness.ma\/Store\/wp-json\/wp\/v2\/comments?post=2831"}],"wp:featuredmedia":[{"embeddable":true,"href":"https:\/\/keroumifitness.ma\/Store\/wp-json\/wp\/v2\/media\/3174"}],"wp:attachment":[{"href":"https:\/\/keroumifitness.ma\/Store\/wp-json\/wp\/v2\/media?parent=2831"}],"wp:term":[{"taxonomy":"product_brand","embeddable":true,"href":"https:\/\/keroumifitness.ma\/Store\/wp-json\/wp\/v2\/product_brand?post=2831"},{"taxonomy":"product_cat","embeddable":true,"href":"https:\/\/keroumifitness.ma\/Store\/wp-json\/wp\/v2\/product_cat?post=2831"},{"taxonomy":"product_tag","embeddable":true,"href":"https:\/\/keroumifitness.ma\/Store\/wp-json\/wp\/v2\/product_tag?post=2831"}],"curies":[{"name":"wp","href":"https:\/\/api.w.org\/{rel}","templated":true}]}}